?
22
Let a(j) = -j**3 - 9*j**2 + 9*j + 8. Let l be a(-9). What is the remainder when 61 is divided by -1 - (l/7 + (-30)/(-70))?
7
Let t(y) = 11*y - 6. Let s(v) = v - 14. Let z be s(10). Let i be (1 + 28/(-16))*z. Calculate the remainder when 106 is divided by t(i).
25
Suppose -4*s - 47 = -271. Suppose 0 = 5*i + 2*k - 83 + 23, -48 = -4*i - 4*k. What is the remainder when (s + -1)*4/10 is divided by i?
10
Suppose -68 = -5*i + 5*j - 18, 2*i - 3*j = 20. What is the remainder when 17 is divided by i?
7
Suppose 3*u = -u + 32. What is the remainder when 11 is divided by -2*6/u*-2?
2
Suppose -2*j = -6*j + 232. What is the remainder when j + (3 - (-1)/(-2 - -3)) is divided by 11?
7
Suppose 7*m = 14*m. Let j(b) = -b**3 - b**2 + b + 5. Calculate the remainder when 23 is divided by j(m).
3
Suppose 9*v - 4*k = 5*v + 272, 0 = -2*v - 5*k + 129. Calculate the remainder when v is divided by 17.
16
Let o(f) = -f**3 + f**2 + f + 43. Let t(h) = h - 3. Let u be t(3). Let l = -255 - -278. What is the remainder when o(u) is divided by l?
20
Let k(x) = x**3 + 19*x**2 - 22*x - 32. Let b(r) = -r**3 + 5*r**2 + 3*r. Let l be b(6). Let v = l - -39. What is the remainder when v is divided by k(-20)?
5
Let i(u) = u**2 - 8*u + 5. Calculate the remainder when i(8) is divided by (-104)/(-65) - (-4)/10.
1
Let f = -2107 + 2151. Suppose 0 = 3*q - 4*q + 3, 6 = r - 2*q. Calculate the remainder when f is divided by r.
8
Let z(f) = 4*f. Let g = 9214 - 9201. Calculate the remainder when z(6) is divided by g.
11
Suppose 7*r = 3*r - 204. Let g = r + 65. Calculate the remainder when 26 is divided by g.
12
What is the remainder when (-9)/(-12) + 1204/16 is divided by 75?
1
Let q(k) = k**2 - 3*k - 1. Suppose -5*p = 7*w - 2*w, -35 = -3*w + 4*p. What is the remainder when 16 is divided by q(w)?
7
Let b = -6 + 4. Calculate the remainder when (12375/44)/25*(-24)/(-9) is divided by -20*(b + 12/10).
14
Suppose -15*i - 8 = -19*i. Suppose -5*q + 4*r = -1 - 69, -33 = -q - 3*r. What is the remainder when ((-8)/12)/(i/(-156)) is divided by q?
16
Suppose -15 + 81 = 2*i + 3*d, -i - 3*d + 33 = 0. What is the remainder when i is divided by 27?
6
Suppose 0 = -l - 1 + 9. Let g(z) = z**3 - 9*z**2 + 9*z - 8. Let m be g(l). Let u = m - -10. Calculate the remainder when 16 is divided by u.
6
Suppose 18*m - 5*h = 23*m - 65, 0 = 2*m - 3*h - 1. What is the remainder when 111 is divided by m?
7
Suppose 13*i - 205 = 484. Let m(l) = 12*l + 4. Let y be m(6). Suppose -19 = -q + v - 2, -5*q = -2*v - y. What is the remainder when i is divided by q?
11
Suppose 0 = 2*o + 5*t - 102, 51 = o - 13*t + 8*t. What is the remainder when 182 is divided by o?
29
Suppose 0 = -4*q - 13*d + 18*d + 64, 3*d - 16 = -q. Calculate the remainder when 37 is divided by q.
5
Let p(s) = -s**3 + 9*s**2 + s - 1. Let v be p(9). Suppose -4*f + 0*f + v = 0. Calculate the remainder when (-34)/(-4) - (-1)/f is divided by 4.
1
Let h(b) = b**3 - 5*b**2 + 5*b + 1. Let n be h(4). Let i = n - 0. Suppose i*o + 0*a = 2*a + 85, -5*a = -o + 40. Calculate the remainder when o is divided by 6.
3
Suppose -3*q + 133 = -4*n, 4*n - 9*n = -25. Calculate the remainder when 184 is divided by q.
31
Suppose 3*k + d = 3*d + 19, -5*k - 5*d = -15. Let s(q) = q**2 - 3*q + 11. What is the remainder when s(k) is divided by 12?
9
Let c be 5 + (-9)/(36/8). Suppose -2*d = -0*d - c*j - 12, 2*j + 8 = 3*d. Suppose -2*l + 9*l - 406 = d. What is the remainder when l is divided by 15?
13
Suppose 3*x = -n - 3*n + 926, x - 2 = 0. Let q be (1/(-3))/(6/(-72)). What is the remainder when 12/10*n/q is divided by 18?
15
Suppose 6*a = -l + 219, -3*l - 5*a = l - 952. Calculate the remainder when 493 is divided by l.
7
Suppose -3*q + 2*f + 3*f - 162 = 0, 4*q + 5*f + 251 = 0. Let h = -27 - q. Calculate the remainder when 93 is divided by h.
29
Let g(j) = 2*j**2 + 5*j + 4. Let p be g(-3). Let d = p - 8. What is the remainder when 16 is divided by d*2*18/(-4)?
7
Let n(k) = 2*k + 15. Let g = -55 - -79. What is the remainder when n(g) is divided by 16?
15
Let k(y) = y**2 - 23. Calculate the remainder when 148 is divided by k(-8).
25
Let z be (-371)/(-28) - (22/(-8) + 3). Suppose -3*v + h = -101 + z, -3*h = -4*v + 119. What is the remainder when 114 is divided by v?
27
Let u(i) = 20*i + 633. Suppose -320 = -2*b - 3*b. What is the remainder when b is divided by u(-31)?
12
Suppose -14*w + 54*w = 26480. Calculate the remainder when w is divided by 35.
32
Let d be ((-8)/6)/(3/(-9)). Suppose -5*m + 2*t = -36 - 37, 3*m - 55 = d*t. What is the remainder when 136/4 - (-3 + 1) is divided by m?
10
Let t = 152 + -155. Let l(g) = -2*g**3 - g**2 - 6*g. What is the remainder when l(t) is divided by 34?
29
Suppose 0 = -2*u + 5*u + 15. Let d(f) = -f**3 - 3*f**2 + 3*f - 1. Let x be d(u). Let t = x + -7. What is the remainder when t is divided by 5?
2
Calculate the remainder when 130 is divided by 5*((-8 - -4) + 7).
10
Suppose -2*o - 5 = -o, i - 54 = 5*o. Suppose 2*n - i - 9 = -3*y, -2*y - 57 = -3*n. What is the remainder when 73 is divided by n?
16
Suppose -2*g - 97 = -2*u - 301, -5*g = 2*u - 489. Calculate the remainder when g is divided by (-2)/(-1)*(-4)/32*-100.
24
Let y(t) = 11*t**3 + 6*t**2 - 8*t + 7. What is the remainder when y(2) is divided by 22?
15
Calculate the remainder when 28 is divided by 208/14 + (-5)/140*-4.
13
Suppose 7 = 3*t - 2. Suppose -t*n = n + 4. What is the remainder when n - (198/3)/(-1) is divided by 17?
14
Let i = -24 - -3. Let v = i + 21. Suppose -3*f + 43 - 1 = v. What is the remainder when f is divided by 5?
4
Suppose 0 = -11*w + 190 + 74. Calculate the remainder when 789 is divided by w.
21
Let n = -2367 - -3444. Calculate the remainder when n is divided by 98.
97
What is the remainder when 12/(-36)*-237 + 1 + 4 is divided by 21?
0
Calculate the remainder when 6*(-8)/24*-37 is divided by 11.
8
Let a(w) = 19*w - 17. Calculate the remainder when a(19) is divided by 58.
54
Let a(v) = -7 - 3 - v + 9 - v + 3*v**2. Calculate the remainder when 78 is divided by a(3).
18
Let m = -13 - -17. Suppose -4*z - 8 = 0, -m*r - 5*z = 5 + 5. What is the remainder when 33 is divided by (-4)/8*(r - 24)?
9
Suppose -6*w + 9 = -3*w. Suppose -w*f = d - 54, -4*d + 181 = -5*f + 16. What is the remainder when d is divided by 12?
9
Suppose -24 = -q + 5*a, -5*q - 4 = a - 20. Calculate the remainder when (12/(-10))/((-9)/60) is divided by q.
0
Let p(l) = 14*l**2 - 2*l + 2. Let x be p(1). Suppose -2*w + x = h - 14, h + 3*w - 24 = 0. What is the remainder when h is divided by 19?
17
Let z = 58 + -38. Let o = -140 - -256. Suppose -2*x - 2*t = -o, -58 = -x - 2*t + 4*t. What is the remainder when x is divided by z?
18
Suppose 421*w = 413*w + 1552. Calculate the remainder when w is divided by 10.
4
Suppose -2*z + 2*t = 4*t - 26, 3*z - 19 = t. Let k(l) = l**2 + 3 - 2 - 2*l - z*l + 2*l. What is the remainder when k(11) is divided by 18?
16
Suppose 3*i = -3*k + 117, 3*i - 3*k = -0*k + 129. Suppose 3*x + 159 + 48 = 0. Let v = 80 + x. Calculate the remainder when i is divided by v.
8
Suppose 52*m - 45*m = 833. Suppose 4*l - 45 - 151 = 0. Let v = l - 25. What is the remainder when m is divided by v?
23
Suppose -59*m = -41*m - 2484. What is the remainder when m is divided by 10?
8
Calculate the remainder when 10*(2 - (-4)/2) is divided by (10 - -1) + (-1 - (-8)/(136/(-51))).
5
Suppose 13*u = -396 + 773. Calculate the remainder when 143 is divided by u.
27
Let i = -2257 - -2528. Calculate the remainder when i is divided by 97.
77
Let t(i) = -14*i - 49. What is the remainder when t(-6) is divided by (-18)/(-2) + 1 + 0?
5
Let s(y) = -20*y - 6. Suppose -10*d - 20*d + 390 = 0. Calculate the remainder when s(-4) is divided by d.
9
Suppose 3*h + 91 = 5*q, -2*q - 3*h = -7*h - 28. Let o = 86 - q. Calculate the remainder when o is divided by 24.
18
Let k = 22 + -13. Let t(r) = -4*r**2 - 2*r + 42. What is the remainder when t(0) is divided by k?
6
Let q(w) = -w**3 - 12*w**2 - 14*w - 3. Suppose 2 = z, 4*j - 19 = 5*j - 4*z. Calculate the remainder when 85 is divided by q(j).
25
Let q be (-28)/56*-10*5. Let c = 35 - q. Let t = 28 - -20. Calculate the remainder when t is divided by c.
8
Suppose 0 = 10*j - 8*j - 4*p - 8, 16 = j + 2*p. What is the remainder when 88 is divided by j?
8
Suppose y - 3*i - 46 = 37, -5*y + 2*i + 376 = 0. Let p = 8